is the units digit of 6?
6
What is the thousands digit of 58473?
8
What is the thousands digit of 1619?
1
What is the hundreds digit of 382?
3
What is the tens digit of 67061?
6
What is the thousands digit of 2670?
2
What is the hundreds digit of 511?
5
What is the tens digit of 1682?
8
What is the hundreds digit of 7489?
4
What is the hundreds digit of 9548?
5
What is the hundreds digit of 244?
2
What is the tens digit of 6452?
5
What is the tens digit of 912?
1
What is the tens digit of 10160?
6
What is the hundreds digit of 7350?
3
What is the tens digit of 3298?
9
What is the ten thousands digit of 82751?
8
What is the units digit of 611?
1
What is the units digit of 625?
5
What is the units digit of 51890?
0
What is the hundreds digit of 2471?
4
What is the tens digit of 882?
8
What is the units digit of 8688?
8
What is the units digit of 2291?
1
What is the tens digit of 22769?
6
What is the units digit of 3073?
3
What is the units digit of 28007?
7
What is the tens digit of 25681?
8
What is the thousands digit of 3010?
3
What is the thousands digit of 22112?
2
What is the hundreds digit of 388?
3
What is the thousands digit of 1068?
1
What is the units digit of 27888?
8
What is the hundreds digit of 1977?
9
What is the units digit of 8731?
1
What is the hundreds digit of 8140?
1
What is the tens digit of 28?
2
What is the tens digit of 5311?
1
What is the units digit of 1564?
4
What is the thousands digit of 58463?
8
What is the ten thousands digit of 39080?
3
What is the thousands digit of 2181?
2
What is the thousands digit of 17620?
7
What is the units digit of 85345?
5
What is the thousands digit of 3180?
3
What is the hundreds digit of 2679?
6
What is the ten thousands digit of 46984?
4
What is the units digit of 3926?
6
What is the hundreds digit of 124?
1
What is the units digit of 5201?
1
What is the units digit of 760?
0
What is the tens digit of 6575?
7
What is the units digit of 26957?
7
What is the tens digit of 15909?
0
What is the units digit of 15862?
2
What is the hundreds digit of 421?
4
What is the hundreds digit of 8401?
4
What is the tens digit of 41875?
7
What is the units digit of 63232?
2
What is the tens digit of 282?
8
What is the units digit of 122?
2
What is the tens digit of 26111?
1
What is the tens digit of 5798?
9
What is the tens digit of 2302?
0
What is the thousands digit of 5415?
5
What is the units digit of 16230?
0
What is the units digit of 46120?
0
What is the thousands digit of 5235?
5
What is the tens digit of 191099?
9
What is the ten thousands digit of 25638?
2
What is the thousands digit of 138829?
8
What is the hundreds digit of 8532?
5
What is the units digit of 10127?
7
What is the hundreds digit of 1299?
2
What is the units digit of 1036?
6
What is the units digit of 7893?
3
What is the hundreds digit of 5708?
7
What is the units digit of 1422?
2
What is the hundreds digit of 698?
6
What is the tens digit of 3074?
7
What is the thousands digit of 27734?
7
What is the hundreds digit of 2523?
5
What is the thousands digit of 22630?
2
What is the units digit of 6612?
2
What is the hundreds digit of 886?
8
What is the tens digit of 2333?
3
What is the hundreds digit of 26020?
0
What is the ten thousands digit of 12469?
1
What is the tens digit of 3645?
4
What is the tens digit of 1350?
5
What is the hundreds digit of 5218?
2
What is the tens digit of 13358?
5
What is the units digit of 7280?
0
What is the units digit of 536?
6
What is the units digit of 1435?
5
What is the tens digit of 9448?
4
What is the units digit of 9?
9
What is the thousands digit of 73479?
3
What is the units digit of 39136?
6
What is the tens digit of 2241?
4
What is the units digit of 1007?
7
What is the thousands digit of 4554?
4
What is the tens digit of 7337?
3
What is the units digit of 35076?
6
What is the units digit of 358?
8
What is the tens digit of 2159?
5
What is the ten thousands digit of 78534?
7
What is the tens digit of 342?
4
What is the hundreds digit of 586?
5
What is the thousands digit of 92934?
2
What is the hundreds digit of 82934?
9
What is the hundreds digit of 165609?
6
What is the thousands digit of 61462?
1
What is the tens digit of 6247?
4
What is the tens digit of 56596?
9
What is the units digit of 11925?
5
What is the thousands digit of 1476?
1
What is the units digit of 259?
9
What is the hundreds digit of 959?
9
What is the ten thousands digit of 102849?
0
What is the hundreds digit of 594?
5
What is the thousands digit of 1672?
1
What is the units digit of 65932?
2
What is the tens digit of 1439?
3
What is the units digit of 10131?
1
What is the thousands digit of 5719?
5
What is the hundreds digit of 34002?
0
What is the units digit of 39539?
9
What is the hundred thousands digit of 112323?
1
What is the units digit of 352?
2
What is the hundreds digit of 398?
3
What is the tens digit of 168400?
0
What is the thousands digit of 3722?
3
What is the hundreds digit of 6577?
5
What is the hundred thousands digit of 117776?
1
What is the hundreds digit of 7243?
2
What is the tens digit of 6062?
6
What is the thousands digit of 3396?
3
What is the hundreds digit of 1828?
8
What is the hundreds digit of 20363?
3
What is the tens digit of 19261?
6
What is the ten thousands digit of 33112?
3
What is the thousands digit of 38751?
8
What is the tens digit of 625?
2
What is the tens digit of 18788?
8
What is the tens digit of 4914?
1
What is the hundred thousands digit of 198444?
1
What is the tens digit of 424?
2
What is the tens digit of 1588?
8
What is the thousands digit of 87324?
7
What is the hundreds digit of 576?
5
What is the tens digit of 2751?
5
What is the tens digit of 15328?
2
What is the tens digit of 4460?
6
What is the hundreds digit of 106?
1
What is the thousands digit of 9818?
9
What is the tens digit of 2931?
3
What is the thousands digit of 5089?
5
What is the thousands digit of 84969?
4
What is the units digit of 1724?
4
What is the units digit of 411?
1
What is the tens digit of 56764?
6
What is the ten thousands digit of 44324?
4
What is the ten thousands digit of 28056?
2
What is the thousands digit of 35618?
5
What is the hundreds digit of 34169?
1
What is the tens digit of 6791?
9
What is the hundreds digit of 43400?
4
What is the hundreds digit of 75385?
3
What is the tens digit of 1078?
7
What is the hundreds digit of 104985?
9
What is the tens digit of 5564?
6
What is the hundreds digit of 40884?
8
What is the units digit of 25717?
7
What is the hundreds digit of 4474?
4
What is the units digit of 2608?
8
What is the thousands digit of 3027?
3
What is the hundreds digit of 8597?
5
What is the thousands digit of 18767?
8
What is the units digit of 4076?
6
What is the hundreds digit of 169?
1
What is the ten thousands digit of 29287?
2
What is the hundreds digit of 39617?
6
What is the hundreds digit of 952?
9
What is the units digit of 7629?
9
What is the hundreds digit of 2967?
9
What is the thousands digit of 1307?
1
What is the hundreds digit of 24457?
4
What is the hundreds digit of 89001?
0
What is the units digit of 16762?
2
What is the tens digit of 2246?
4
What is the tens digit of 4132?
3
What is the units digit of 110?
0
What is the tens digit of 874?
7
What is the ten thousands digit of 11981?
1
What is the hundreds digit of 327?
3
What is the units digit of 95?
5
What is the units digit of 850?
0
What is the units digit of 9040?
0
What is the hundreds digit of 28507?
5
What is the tens digit of 38593?
9
What is the thousands digit of 1931?
1
What is the tens digit of 37592?
9
What is the hundreds digit of 555?
5
What is the units digit of 3613?
3
What is the hundreds digit of 405?
4
What is the hundreds digit of 9586?
5
What is the thousands digit of 4371?
4
What is the tens digit of 7846?
4
What is the hundreds digit of 1888?
8
What is the hundreds digit of 1299?
2
What is the thousands digit of 150070?
0
What is the ten thousands digit of 60795?
6
What is the hundreds digit of 2948?
9
What is the tens digit of 12498?
9
What is the tens digit of 496?
9
What is the hundreds digit of 491?
4
What is the tens digit of 13670?
7
What is the units digit of 679?
9
What is the tens digit of 1174?
7
What is the thousands digit of 2114?
2
What is the thousand